millions digit of 42000530?
4
What is the hundred thousands digit of 1405609280?
6
What is the thousands digit of 11353056?
3
What is the millions digit of 6734177141?
4
What is the hundreds digit of 25131380?
3
What is the ten millions digit of 325077927?
2
What is the ten thousands digit of 60359196?
5
What is the ten millions digit of 1798999579?
9
What is the units digit of 2782896011?
1
What is the hundreds digit of 3125384035?
0
What is the ten thousands digit of 816512428?
1
What is the ten thousands digit of 3371660454?
6
What is the hundred thousands digit of 709022078?
0
What is the tens digit of 125192728?
2
What is the hundred millions digit of 214019628?
2
What is the hundred millions digit of 642398238?
6
What is the hundreds digit of 70001732?
7
What is the units digit of 109522500?
0
What is the ten thousands digit of 209912146?
1
What is the units digit of 40586700?
0
What is the ten thousands digit of 218265754?
6
What is the units digit of 61647583?
3
What is the ten millions digit of 103244016?
0
What is the hundred millions digit of 535089281?
5
What is the ten thousands digit of 158384328?
8
What is the millions digit of 72765336?
2
What is the hundred millions digit of 1157429401?
1
What is the millions digit of 288610070?
8
What is the hundred thousands digit of 32475328?
4
What is the thousands digit of 3875387895?
7
What is the millions digit of 21855343?
1
What is the ten millions digit of 23976631?
2
What is the hundred thousands digit of 4013811980?
8
What is the tens digit of 86297857?
5
What is the tens digit of 3808579?
7
What is the ten millions digit of 199410802?
9
What is the hundred thousands digit of 50157051?
1
What is the thousands digit of 35777157?
7
What is the thousands digit of 50500251?
0
What is the ten thousands digit of 11445189?
4
What is the thousands digit of 105143692?
3
What is the ten thousands digit of 269788451?
8
What is the units digit of 757706824?
4
What is the hundred thousands digit of 48318390?
3
What is the hundreds digit of 66764265?
2
What is the ten thousands digit of 477852069?
5
What is the hundreds digit of 786551448?
4
What is the thousands digit of 4657744?
7
What is the ten millions digit of 177936471?
7
What is the millions digit of 59782466?
9
What is the ten millions digit of 717305110?
1
What is the millions digit of 64956256?
4
What is the hundred millions digit of 1707933707?
7
What is the hundred millions digit of 1305047757?
3
What is the units digit of 1957273?
3
What is the hundred thousands digit of 1729847?
7
What is the ten thousands digit of 3568021958?
2
What is the ten thousands digit of 654694417?
9
What is the thousands digit of 72234219?
4
What is the hundred millions digit of 886374436?
8
What is the ten thousands digit of 89926485?
2
What is the ten thousands digit of 80941096?
4
What is the hundred thousands digit of 770083771?
0
What is the hundred thousands digit of 197032561?
0
What is the tens digit of 8288287?
8
What is the thousands digit of 246465931?
5
What is the hundred millions digit of 1197334728?
1
What is the hundred millions digit of 427667027?
4
What is the ten millions digit of 158535050?
5
What is the millions digit of 426369042?
6
What is the billions digit of 2380836839?
2
What is the millions digit of 80613679?
0
What is the hundreds digit of 4379908?
9
What is the ten millions digit of 216904639?
1
What is the hundred thousands digit of 320215119?
2
What is the tens digit of 1510504493?
9
What is the units digit of 57952946?
6
What is the hundreds digit of 64619719?
7
What is the units digit of 921256813?
3
What is the hundred thousands digit of 6638903834?
9
What is the thousands digit of 919896310?
6
What is the ten millions digit of 121417112?
2
What is the tens digit of 897367873?
7
What is the hundred thousands digit of 278462272?
4
What is the ten millions digit of 53340565?
5
What is the hundreds digit of 35215833?
8
What is the ten millions digit of 39856301?
3
What is the ten millions digit of 26457004?
2
What is the ten millions digit of 101418584?
0
What is the thousands digit of 572927426?
7
What is the hundred millions digit of 166652148?
1
What is the ten thousands digit of 64194280?
9
What is the hundred millions digit of 268882938?
2
What is the hundred thousands digit of 130691967?
6
What is the thousands digit of 374664077?
4
What is the units digit of 2393934294?
4
What is the thousands digit of 239692090?
2
What is the millions digit of 1672208106?
2
What is the millions digit of 273910770?
3
What is the ten millions digit of 9684382095?
8
What is the units digit of 200873595?
5
What is the millions digit of 616504285?
6
What is the hundred thousands digit of 475519092?
5
What is the hundred millions digit of 603330731?
6
What is the millions digit of 197157402?
7
What is the ten millions digit of 8757181001?
5
What is the ten millions digit of 145526644?
4
What is the units digit of 42791913?
3
What is the units digit of 86074880?
0
What is the millions digit of 495984560?
5
What is the ten thousands digit of 104776598?
7
What is the billions digit of 1944735581?
1
What is the tens digit of 346942975?
7
What is the tens digit of 141926089?
8
What is the hundred millions digit of 2286579303?
2
What is the hundreds digit of 2387349245?
2
What is the billions digit of 5485339545?
5
What is the tens digit of 21891912?
1
What is the hundred thousands digit of 953430818?
4
What is the hundred thousands digit of 77917012?
9
What is the hundred millions digit of 205820217?
2
What is the ten millions digit of 1217778765?
1
What is the ten millions digit of 291604790?
9
What is the thousands digit of 124096468?
6
What is the units digit of 3320868614?
4
What is the units digit of 603070111?
1
What is the hundred millions digit of 804393361?
8
What is the units digit of 449236675?
5
What is the thousands digit of 17241287?
1
What is the millions digit of 7961579?
7
What is the thousands digit of 126758131?
8
What is the hundreds digit of 184858787?
7
What is the tens digit of 655745204?
0
What is the units digit of 17742580?
0
What is the ten thousands digit of 15006522?
0
What is the hundred millions digit of 8013997242?
0
What is the ten thousands digit of 1296002911?
0
What is the hundred thousands digit of 5010665175?
6
What is the ten thousands digit of 846417076?
1
What is the hundred thousands digit of 225484227?
4
What is the millions digit of 5878410824?
8
What is the hundred millions digit of 1304372982?
3
What is the hundred millions digit of 697257273?
6
What is the millions digit of 3599419596?
9
What is the thousands digit of 802106884?
6
What is the tens digit of 2012037195?
9
What is the billions digit of 3767093901?
3
What is the units digit of 64791691?
1
What is the ten thousands digit of 34490538?
9
What is the billions digit of 6469445861?
6
What is the hundreds digit of 7013143?
1
What is the thousands digit of 27629306?
9
What is the hundreds digit of 124509733?
7
What is the ten millions digit of 143259510?
4
What is the tens digit of 249802705?
0
What is the ten millions digit of 2162718052?
6
What is the hundred thousands digit of 55198744?
1
What is the hundred thousands digit of 8258040486?
0
What is the thousands digit of 75088335?
8
What is the millions digit of 89748260?
9
What is the thousands digit of 1599653103?
3
What is the ten thousands digit of 117447197?
4
What is the hundred thousands digit of 55178473?
1
What is the thousands digit of 1569558?
9
What is the millions digit of 196080163?
6
What is the ten thousands digit of 1198732507?
3
What is the hundred thousands digit of 2221300?
2
What is the millions digit of 1276391191?
6
What is the hundred thousands digit of 2524563411?
5
What is the units digit of 1781576?
6
What is the hundreds digit of 207024947?
9
What is the units digit of 201218148?
8
What is the thousands digit of 98513623?
3
What is the tens digit of 447837443?
4
What is the millions digit of 36048774?
6
What is the ten millions digit of 54166297?
5
What is the hundred millions digit of 195849342?
1
What is the hundred thousands digit of 8716985?
7
What is the hundred thousands digit of 1442916717?
9
What is the units digit of 603120084?
4
What is the hundr